Matshelagabedi Weather History - NOAA Style Reports

2017: Jan | Feb | Mar | Apr | May | Jun | Jul | Aug | Sep | Oct | Nov | Dec 
 2016: Jan | Feb | Mar | Apr | May | Jun | Jul | Aug | Sep | Oct | Nov | Dec 
2015: Jan | Feb | Mar | Apr | May | Jun | Jul | Aug | Sep | Oct | Nov | Dec 
2014: Jan | Feb | Mar | Apr | May | Jun | Jul | Aug | Sep | Oct | Nov | Dec 
2013: Jan | Feb | Mar | Apr | May | Jun | Jul | Aug | Sep | Oct | Nov | Dec 

Report for 2017
ANNUAL CLIMATOLOGICAL SUMMARY NAME: Matshelagabedi - Knott in Botswana CITY: Francistown STATE: ELEV: 1025 m LAT: 21 08' 00" S LONG: 27 39' 00" E TEMPERATURE (C), HEAT BASE 18.3, COOL BASE 18.3 DEP. HEAT COOL MEAN MEAN FROM DEG DEG MAX MAX MIN MIN YR MO MAX MIN MEAN NORM DAYS DAYS HI DATE LOW DATE >=32 <=0 <=0 <=-18 ------------------------------------------------------------------------------------ 14 1 30.2 19.1 23.9 0.0 1 174 36.3 25 16.3 16 10 0 0 0 14 2 28.6 18.3 22.9 0.0 3 131 32.8 21 15.3 13 1 0 0 0 14 3 26.9 17.4 21.5 0.0 7 98 31.8 20 11.4 30 0 0 0 0 14 4 26.3 13.4 19.5 0.0 41 78 32.4 3 9.3 30 1 0 0 0 14 5 26.2 9.7 18.0 0.0 81 72 30.3 10 5.8 28 0 0 0 0 14 6 24.2 7.1 15.8 0.0 122 47 29.5 5 1.1 7 0 0 0 0 14 7 23.9 7.5 15.6 0.0 125 43 28.8 26 2.7 12 0 0 0 0 14 8 26.8 9.7 18.3 0.0 77 79 33.6 28 2.9 30 2 0 0 0 14 9 14 10 14 11 14 12 ------------------------------------------------------------------------------------ 26.6 12.7 19.4 0.0 457 722 36.3 JAN 1.1 JUN 14 0 0 0 PRECIPITATION (mm) DEP. MAX DAYS OF RAIN FROM OBS. OVER YR MO TOTAL NORM DAY DATE .2 2 20 --------------------------------------------- 14 1 143.8 0.0 27.2 29 13 10 4 14 2 109.4 0.0 36.0 1 10 7 2 14 3 152.8 0.0 48.6 3 13 8 3 14 4 5.2 0.0 3.8 12 7 1 0 14 5 0.0 0.0 0.0 1 0 0 0 14 6 0.0 0.0 0.0 1 0 0 0 14 7 0.0 0.0 0.0 1 0 0 0 14 8 0.0 0.0 0.0 1 0 0 0 14 9 14 10 14 11 14 12 --------------------------------------------- 411.3 0.0 48.6 MAR 43 26 9 WIND SPEED (m/s) DOM YR MO AVG. HI DATE DIR --------------------------------- 14 1 1.3 12.5 11 SE 14 2 1.3 12.5 15 SE 14 3 1.1 11.2 10 SE 14 4 1.2 10.7 7 SE 14 5 0.9 11.6 6 SE 14 6 1.1 11.2 7 SE 14 7 1.2 13.9 29 SE 14 8 1.4 11.6 16 SE 14 9 14 10 14 11 14 12 --------------------------------- 1.2 13.9 JUL SE