Matshelagabedi Weather History - NOAA Style Reports

2017: Jan | Feb | Mar | Apr | May | Jun | Jul | Aug | Sep | Oct | Nov | Dec 
 2016: Jan | Feb | Mar | Apr | May | Jun | Jul | Aug | Sep | Oct | Nov | Dec 
2015: Jan | Feb | Mar | Apr | May | Jun | Jul | Aug | Sep | Oct | Nov | Dec 
2014: Jan | Feb | Mar | Apr | May | Jun | Jul | Aug | Sep | Oct | Nov | Dec 
2013: Jan | Feb | Mar | Apr | May | Jun | Jul | Aug | Sep | Oct | Nov | Dec 

Report for 2015 02
MONTHLY CLIMATOLOGICAL SUMMARY for JUL. 2014 NAME: Matshelagabedi - Knott in Botswana CITY: Francistown STATE: ELEV: 1025 m LAT: 21 08' 00" S LONG: 27 39' 00" E TEMPERATURE (C), RAIN (mm), WIND SPEED (m/s) HEAT COOL AVG MEAN DEG DEG WIND DOM DAY TEMP HIGH TIME LOW TIME DAYS DAYS RAIN SPEED HIGH TIME DIR ------------------------------------------------------------------------------------ 1 15.1 22.0 14:00 7.7 7:30 4.0 0.8 0.0 1.3 10.3 12:30 SE 2 15.7 23.8 15:30 5.7 5:30 3.8 1.2 0.0 0.6 5.4 10:30 ESE 3 17.6 24.0 15:00 12.6 7:00 2.2 1.4 0.0 0.5 5.8 12:00 ESE 4 16.2 24.6 15:00 7.3 7:30 3.9 1.7 0.0 0.5 4.5 11:30 E 5 17.4 26.0 15:00 7.8 6:00 3.2 2.3 0.0 0.8 6.3 10:30 N 6 19.6 27.5 16:00 11.9 6:30 1.8 3.1 0.0 1.2 8.5 10:00 NNE 7 18.2 28.0 15:00 9.2 7:30 2.7 2.6 0.0 0.7 5.4 14:00 NNW 8 15.2 23.6 15:30 8.3 00:00 4.1 1.0 0.0 0.9 7.2 11:00 S 9 12.9 19.1 14:30 6.2 1:30 5.4 0.0 0.0 1.7 8.9 9:00 SE 10 11.3 18.2 13:30 5.2 6:30 7.0 0.0 0.0 1.7 9.8 13:30 SE 11 11.3 19.4 15:30 3.3 6:30 7.1 0.1 0.0 1.0 7.6 10:30 SE 12 13.5 23.6 13:30 2.7 7:30 6.0 1.2 0.0 0.4 4.5 10:30 SE 13 15.6 25.3 15:00 5.9 6:00 4.6 1.8 0.0 0.6 6.3 15:00 SE 14 15.0 24.2 14:30 5.3 7:00 4.6 1.3 0.0 1.1 9.4 14:30 SE 15 13.7 20.9 15:00 8.2 5:30 5.0 0.4 0.0 1.5 8.9 12:00 SE 16 13.9 22.1 14:30 3.9 7:30 5.1 0.7 0.0 1.0 8.0 10:30 SE 17 15.1 25.7 16:00 4.7 7:00 5.0 1.7 0.0 0.6 5.4 14:00 NW 18 17.1 26.7 16:00 8.8 7:00 3.6 2.3 0.0 1.3 7.2 12:00 N 19 17.8 27.4 13:30 7.8 7:00 3.1 2.6 0.0 1.2 6.7 8:00 N 20 15.2 23.7 15:30 6.0 4:30 4.3 1.2 0.0 1.6 8.0 10:00 SE 21 14.2 21.6 15:30 7.8 7:30 4.6 0.5 0.0 1.8 10.3 11:00 SE 22 14.9 22.9 15:30 7.4 6:00 4.3 0.9 0.0 1.3 7.6 10:30 SE 23 14.7 23.4 15:30 4.2 7:00 4.7 1.1 0.0 0.6 5.8 13:30 ESE 24 16.3 25.8 14:30 7.1 5:00 4.0 1.9 0.0 0.8 6.3 14:30 SE 25 17.8 27.6 15:30 6.6 6:30 3.1 2.6 0.0 0.7 4.9 12:00 NNE 26 18.7 28.8 15:30 8.1 6:00 2.9 3.2 0.0 0.9 6.3 13:00 N 27 17.6 27.6 14:30 8.1 7:00 3.1 2.4 0.0 0.8 6.3 14:00 SE 28 17.1 22.3 14:30 12.9 5:00 2.0 0.8 0.0 2.9 12.1 9:30 SE 29 15.2 17.7 16:30 13.3 11:30 3.1 0.0 0.0 3.6 13.9 7:30 SE 30 15.3 21.3 15:30 11.6 00:00 3.3 0.4 0.0 2.0 7.6 1:00 SE 31 15.8 24.9 16:00 6.2 6:00 4.0 1.5 0.0 0.5 4.0 14:00 ESE ------------------------------------------------------------------------------------- 15.6 28.8 26 2.7 12 125.4 42.8 0.0 1.2 13.9 29 SE Max >= 32.0: 0 Max <= 0.0: 0 Min <= 0.0: 0 Min <= -18.0: 0 Max Rain: 0.00 ON 01/07/14 Days of Rain: 0 (> .2 mm) 0 (> 2 mm) 0 (> 20 mm) Heat Base: 18.3 Cool Base: 18.3 Method: Integration