Matshelagabedi Weather History - NOAA Style Reports

2017: Jan | Feb | Mar | Apr | May | Jun | Jul | Aug | Sep | Oct | Nov | Dec 
 2016: Jan | Feb | Mar | Apr | May | Jun | Jul | Aug | Sep | Oct | Nov | Dec 
2015: Jan | Feb | Mar | Apr | May | Jun | Jul | Aug | Sep | Oct | Nov | Dec 
2014: Jan | Feb | Mar | Apr | May | Jun | Jul | Aug | Sep | Oct | Nov | Dec 
2013: Jan | Feb | Mar | Apr | May | Jun | Jul | Aug | Sep | Oct | Nov | Dec 

Report for 2015
ANNUAL CLIMATOLOGICAL SUMMARY NAME: Matshelagabedi - Knott in Botswana CITY: Francistown STATE: ELEV: 1025 m LAT: 21 08' 00" S LONG: 27 39' 00" E TEMPERATURE (C), HEAT BASE 18.3, COOL BASE 18.3 DEP. HEAT COOL MEAN MEAN FROM DEG DEG MAX MAX MIN MIN YR MO MAX MIN MEAN NORM DAYS DAYS HI DATE LOW DATE >=32 <=0 <=0 <=-18 ------------------------------------------------------------------------------------ 13 1 13 2 13 3 13 4 13 5 13 6 27.1 15.2 21.7 0.0 0 2 27.1 30 15.2 30 0 0 0 0 13 7 23.3 8.6 16.0 0.0 111 39 29.2 28 5.6 13 0 0 0 0 13 8 27.4 11.0 19.2 0.0 67 95 33.6 30 6.6 1 4 0 0 0 13 9 31.8 14.9 23.5 0.0 24 180 38.7 27 5.2 1 17 0 0 0 13 10 32.2 16.1 23.9 0.0 16 190 39.6 13 6.7 2 19 0 0 0 13 11 33.8 19.4 26.3 0.0 4 244 40.0 16 14.9 22 22 0 0 0 13 12 29.4 19.0 23.3 0.0 1 156 35.3 25 16.3 23 8 0 0 0 ------------------------------------------------------------------------------------ 29.6 14.8 22.0 0.0 223 907 40.0 NOV 5.2 SEP 70 0 0 0 PRECIPITATION (mm) DEP. MAX DAYS OF RAIN FROM OBS. OVER YR MO TOTAL NORM DAY DATE .2 2 20 --------------------------------------------- 13 1 13 2 13 3 13 4 13 5 13 6 0.0 0.0 0.0 1 0 0 0 13 7 0.0 0.0 0.0 1 0 0 0 13 8 0.0 0.0 0.0 1 0 0 0 13 9 0.8 0.0 0.8 29 1 0 0 13 10 10.0 0.0 5.0 26 6 2 0 13 11 67.4 0.0 53.0 21 9 4 1 13 12 90.2 0.0 16.0 11 16 10 0 --------------------------------------------- 168.4 0.0 53.0 NOV 32 16 1 WIND SPEED (m/s) DOM YR MO AVG. HI DATE DIR --------------------------------- 13 1 13 2 13 3 13 4 13 5 13 6 0.9 4.9 30 ESE 13 7 1.5 11.6 4 SE 13 8 1.6 13.9 30 SE 13 9 2.0 13.0 22 SE 13 10 2.4 13.0 31 SE 13 11 1.7 15.2 1 SE 13 12 1.4 11.6 1 SE --------------------------------- 1.8 15.2 NOV SE