Matshelagabedi Weather History - NOAA Style Reports

2017: Jan | Feb | Mar | Apr | May | Jun | Jul | Aug | Sep | Oct | Nov | Dec 
 2016: Jan | Feb | Mar | Apr | May | Jun | Jul | Aug | Sep | Oct | Nov | Dec 
2015: Jan | Feb | Mar | Apr | May | Jun | Jul | Aug | Sep | Oct | Nov | Dec 
2014: Jan | Feb | Mar | Apr | May | Jun | Jul | Aug | Sep | Oct | Nov | Dec 
2013: Jan | Feb | Mar | Apr | May | Jun | Jul | Aug | Sep | Oct | Nov | Dec 

Report for 2014 08
MONTHLY CLIMATOLOGICAL SUMMARY for AUG. 2014 NAME: Matshelagabedi - Knott in Botswana CITY: Francistown STATE: ELEV: 1025 m LAT: 21 08' 00" S LONG: 27 39' 00" E TEMPERATURE (C), RAIN (mm), WIND SPEED (m/s) HEAT COOL AVG MEAN DEG DEG WIND DOM DAY TEMP HIGH TIME LOW TIME DAYS DAYS RAIN SPEED HIGH TIME DIR ------------------------------------------------------------------------------------ 1 17.3 25.8 14:30 7.8 4:00 3.2 2.2 0.0 0.8 5.4 10:00 SE 2 17.4 26.3 14:30 6.9 7:00 3.0 2.2 0.0 1.4 9.4 10:30 SE 3 16.7 24.6 15:00 8.4 7:30 3.3 1.6 0.0 1.6 9.8 10:30 SE 4 16.5 25.4 14:30 7.0 5:30 3.6 1.8 0.0 0.6 5.4 10:00 ENE 5 19.6 29.3 14:00 10.4 5:30 2.3 3.6 0.0 1.0 6.3 15:00 ENE 6 20.7 29.2 14:00 13.1 7:00 1.5 3.9 0.0 1.3 7.2 10:30 ENE 7 21.1 29.4 15:00 12.2 7:00 1.2 4.0 0.0 1.6 8.0 14:00 SE 8 18.9 23.8 15:00 14.8 7:00 1.0 1.6 0.0 2.6 10.7 10:00 ESE 9 18.6 27.9 15:00 11.0 6:00 2.3 2.6 0.0 1.7 7.6 9:00 SE 10 18.3 26.4 15:00 10.4 7:30 2.2 2.2 0.0 1.7 9.4 9:00 SE 11 18.4 25.1 15:00 12.8 7:00 1.6 1.8 0.0 2.2 8.5 12:00 ESE 12 16.4 23.4 15:00 10.7 7:00 2.9 1.0 0.0 1.8 9.4 12:00 SE 13 17.1 25.2 15:00 9.9 7:00 2.9 1.7 0.0 1.1 7.6 10:00 SE 14 18.4 27.0 13:30 9.2 6:00 2.5 2.6 0.0 1.1 6.7 11:00 SE 15 18.8 27.7 14:30 7.6 6:30 2.5 3.0 0.0 1.4 9.4 15:00 ESE 16 17.8 23.4 15:30 12.0 5:00 1.7 1.3 0.0 3.1 11.6 11:00 SE 17 17.2 22.1 14:00 13.6 00:00 1.9 0.8 0.0 2.4 9.8 11:30 SE 18 17.7 26.6 14:30 9.4 6:00 2.9 2.3 0.0 0.9 5.8 14:00 SE 19 20.4 29.3 14:00 10.8 2:30 1.8 3.9 0.0 0.8 5.8 15:30 ESE 20 22.3 31.2 14:30 13.7 7:00 1.0 4.9 0.0 0.9 6.3 15:30 SE 21 23.2 32.2 13:30 14.7 6:30 0.7 5.6 0.0 1.0 6.3 10:30 N 22 20.8 28.6 14:30 13.5 00:00 0.8 3.3 0.0 1.4 7.2 3:30 SSW 23 16.1 26.1 15:30 5.1 7:00 4.2 1.9 0.0 0.8 5.4 11:00 SSW 24 16.7 27.3 14:30 5.2 6:30 4.2 2.5 0.0 0.9 6.3 13:00 N 25 15.9 25.9 15:00 4.8 6:30 4.2 1.9 0.0 1.0 6.7 13:30 SE 26 18.4 28.0 15:30 9.9 6:30 2.6 2.7 0.0 1.2 7.2 10:30 ESE 27 20.2 30.5 14:00 7.4 6:30 2.3 4.2 0.0 0.8 5.4 12:00 ENE 28 22.5 33.6 14:30 9.8 5:00 1.7 5.9 0.0 1.2 6.7 15:30 NNW 29 16.7 24.7 15:30 9.0 00:00 2.9 1.3 0.0 1.9 8.9 10:30 SSW 30 13.8 22.4 15:30 2.9 7:00 5.3 0.8 0.0 1.9 9.8 13:00 SE 31 12.8 21.3 12:00 7.1 7:00 3.1 0.2 0.0 2.5 11.6 9:30 ESE ------------------------------------------------------------------------------------- 18.3 33.6 28 2.9 30 77.3 79.5 0.0 1.4 11.6 16 SE Max >= 32.0: 2 Max <= 0.0: 0 Min <= 0.0: 0 Min <= -18.0: 0 Max Rain: 0.00 ON 01/08/14 Days of Rain: 0 (> .2 mm) 0 (> 2 mm) 0 (> 20 mm) Heat Base: 18.3 Cool Base: 18.3 Method: Integration