Matshelagabedi Weather History - NOAA Style Reports

2017: Jan | Feb | Mar | Apr | May | Jun | Jul | Aug | Sep | Oct | Nov | Dec 
 2016: Jan | Feb | Mar | Apr | May | Jun | Jul | Aug | Sep | Oct | Nov | Dec 
2015: Jan | Feb | Mar | Apr | May | Jun | Jul | Aug | Sep | Oct | Nov | Dec 
2014: Jan | Feb | Mar | Apr | May | Jun | Jul | Aug | Sep | Oct | Nov | Dec 
2013: Jan | Feb | Mar | Apr | May | Jun | Jul | Aug | Sep | Oct | Nov | Dec 

Report for 2014 06
MONTHLY CLIMATOLOGICAL SUMMARY for JUN. 2014 NAME: Matshelagabedi - Knott in Botswana CITY: Francistown STATE: ELEV: 1025 m LAT: 21 08' 00" S LONG: 27 39' 00" E TEMPERATURE (C), RAIN (mm), WIND SPEED (m/s) HEAT COOL AVG MEAN DEG DEG WIND DOM DAY TEMP HIGH TIME LOW TIME DAYS DAYS RAIN SPEED HIGH TIME DIR ------------------------------------------------------------------------------------ 1 18.0 28.1 14:30 5.9 7:00 3.2 2.9 0.0 0.5 5.8 13:00 ENE 2 19.1 28.1 15:30 10.0 4:30 2.5 3.2 0.0 0.6 4.0 13:00 N 3 19.2 28.2 16:00 9.7 6:00 2.3 3.2 0.0 0.3 4.5 14:00 NNE 4 20.2 29.3 14:00 10.6 7:00 1.8 3.6 0.0 0.9 7.2 12:00 N 5 21.3 29.5 13:30 14.4 00:00 0.7 3.7 0.0 2.1 8.9 12:00 NNW 6 10.9 17.6 13:30 4.1 00:00 7.4 0.0 0.0 1.8 9.8 14:30 S 7 10.0 18.1 14:30 1.1 3:00 8.3 0.0 0.0 1.8 11.2 13:00 SE 8 12.2 20.9 15:30 3.8 3:00 6.4 0.3 0.0 0.8 7.6 9:30 SE 9 14.6 24.3 14:00 5.6 5:30 5.1 1.4 0.0 0.4 4.0 13:00 E 10 15.8 24.6 15:00 6.5 7:00 4.2 1.7 0.0 0.6 6.3 16:00 SE 11 14.4 21.2 14:30 9.1 5:30 4.4 0.4 0.0 1.7 10.3 9:30 ESE 12 13.6 22.2 15:00 3.9 6:30 5.4 0.7 0.0 0.9 6.7 9:30 SE 13 15.1 23.8 14:30 5.4 7:00 4.6 1.4 0.0 0.4 4.5 10:00 SE 14 15.9 25.3 14:00 5.1 6:30 4.2 1.8 0.0 0.4 5.4 13:30 NE 15 17.6 26.7 14:30 7.7 6:30 3.1 2.4 0.0 1.0 6.7 13:00 NNW 16 17.8 27.0 14:00 9.1 7:00 3.1 2.5 0.0 0.6 4.9 12:30 N 17 16.4 25.0 14:00 8.4 7:30 3.5 1.6 0.0 1.3 6.3 13:00 SE 18 15.9 25.4 15:00 5.0 6:30 4.2 1.8 0.0 0.5 4.5 11:00 ESE 19 17.4 27.5 13:00 6.0 7:00 3.5 2.7 0.0 1.2 9.8 13:30 S 20 12.8 19.8 15:00 5.8 5:00 5.6 0.1 0.0 1.5 9.4 10:00 SE 21 13.9 21.1 14:30 7.9 0:30 4.8 0.4 0.0 2.0 10.3 9:30 SE 22 13.8 21.3 14:30 5.8 7:00 5.0 0.6 0.0 1.9 9.8 9:30 SE 23 14.8 23.0 14:30 5.8 7:00 4.5 1.0 0.0 1.0 5.8 9:30 SE 24 15.8 24.2 14:30 6.0 6:30 3.9 1.4 0.0 0.7 6.3 12:00 SE 25 16.3 25.1 14:00 6.5 7:00 3.7 1.8 0.0 0.7 5.4 10:00 SE 26 16.4 25.5 15:30 6.8 7:00 3.8 2.0 0.0 0.3 4.9 14:30 NE 27 17.7 26.8 14:30 7.7 5:30 3.2 2.5 0.0 1.0 6.7 13:00 SE 28 15.8 21.8 15:00 9.7 6:30 3.2 0.7 0.0 2.1 9.4 10:00 SE 29 15.3 22.0 15:00 9.4 5:30 3.6 0.6 0.0 1.8 8.5 9:00 SE 30 16.2 23.8 15:00 8.9 6:30 3.3 1.2 0.0 1.2 8.0 11:30 ESE ------------------------------------------------------------------------------------- 15.8 29.5 5 1.1 7 122.4 47.4 0.0 1.1 11.2 7 SE Max >= 32.0: 0 Max <= 0.0: 0 Min <= 0.0: 0 Min <= -18.0: 0 Max Rain: 0.00 ON 01/06/14 Days of Rain: 0 (> .2 mm) 0 (> 2 mm) 0 (> 20 mm) Heat Base: 18.3 Cool Base: 18.3 Method: Integration