Matshelagabedi Weather History - NOAA Style Reports

2017: Jan | Feb | Mar | Apr | May | Jun | Jul | Aug | Sep | Oct | Nov | Dec 
 2016: Jan | Feb | Mar | Apr | May | Jun | Jul | Aug | Sep | Oct | Nov | Dec 
2015: Jan | Feb | Mar | Apr | May | Jun | Jul | Aug | Sep | Oct | Nov | Dec 
2014: Jan | Feb | Mar | Apr | May | Jun | Jul | Aug | Sep | Oct | Nov | Dec 
2013: Jan | Feb | Mar | Apr | May | Jun | Jul | Aug | Sep | Oct | Nov | Dec 

Report for 2014 05
MONTHLY CLIMATOLOGICAL SUMMARY for MAY. 2014 NAME: Matshelagabedi - Knott in Botswana CITY: Francistown STATE: ELEV: 1025 m LAT: 21 08' 00" S LONG: 27 39' 00" E TEMPERATURE (C), RAIN (mm), WIND SPEED (m/s) HEAT COOL AVG MEAN DEG DEG WIND DOM DAY TEMP HIGH TIME LOW TIME DAYS DAYS RAIN SPEED HIGH TIME DIR ------------------------------------------------------------------------------------ 1 19.3 28.6 14:30 8.8 7:00 2.2 3.3 0.0 0.8 6.3 15:30 SE 2 19.6 27.9 15:00 9.2 7:00 1.9 3.2 0.0 1.1 9.4 12:30 SE 3 18.7 28.2 14:30 8.7 6:00 2.5 2.9 0.0 1.0 6.7 16:00 E 4 19.8 28.6 14:30 9.8 7:00 1.8 3.3 0.0 0.6 4.5 10:00 SE 5 19.9 28.7 14:30 10.7 7:00 2.0 3.6 0.0 0.8 4.9 11:00 SE 6 18.1 20.7 11:00 16.2 1:30 0.7 0.5 0.0 2.6 11.6 12:00 SE 7 17.1 21.3 14:00 13.2 23:30 1.7 0.5 0.0 1.6 7.2 9:30 SE 8 18.1 27.1 14:30 9.6 6:30 2.5 2.3 0.0 0.5 4.0 11:00 SE 9 19.8 28.4 13:30 9.5 7:00 2.0 3.5 0.0 0.4 4.0 12:30 E 10 21.0 30.3 14:30 11.8 6:30 1.5 4.2 0.0 0.7 6.3 13:30 NNE 11 17.9 24.9 13:00 11.1 6:30 2.2 1.8 0.0 0.9 9.8 9:30 NNE 12 18.9 28.8 15:30 8.8 6:00 2.7 3.3 0.0 0.6 6.7 14:00 WSW 13 18.0 27.4 14:30 8.1 6:30 3.0 2.7 0.0 0.8 5.8 15:00 ESE 14 17.5 25.6 14:00 11.4 23:30 2.6 1.8 0.0 1.1 6.3 4:00 SE 15 16.6 26.1 14:00 5.9 7:00 3.9 2.1 0.0 0.4 4.5 12:30 SE 16 18.1 27.7 14:30 9.6 3:30 3.0 2.8 0.0 0.4 3.6 11:00 SSW 17 19.8 28.7 13:30 8.7 7:00 2.0 3.5 0.0 0.8 6.3 21:30 SE 18 17.8 22.9 15:00 13.9 00:00 1.5 1.0 0.0 2.1 10.7 14:30 ESE 19 15.9 21.7 14:30 11.8 00:00 3.0 0.6 0.0 1.7 7.6 9:00 SE 20 16.9 24.8 15:00 8.9 6:00 3.0 1.6 0.0 0.4 4.9 10:30 ESE 21 19.2 27.5 15:30 10.3 4:30 2.0 2.9 0.0 0.6 4.5 10:30 ENE 22 17.3 22.4 15:00 13.8 00:00 1.6 0.7 0.0 2.0 10.7 10:00 SE 23 16.1 22.5 13:30 11.7 4:30 3.0 0.8 0.0 1.6 8.5 9:30 ESE 24 16.8 25.0 15:30 10.5 6:00 3.0 1.6 0.0 1.1 8.0 10:00 ESE 25 16.4 25.5 14:00 6.6 7:00 3.8 1.9 0.0 0.6 5.4 11:00 SE 26 16.6 27.0 14:00 6.9 5:00 4.2 2.4 0.0 0.7 4.9 11:00 WNW 27 17.4 26.7 14:00 7.8 6:30 3.3 2.4 0.0 0.9 6.3 12:30 NNE 28 16.6 27.0 15:00 5.8 6:00 4.0 2.3 0.0 0.4 4.5 11:30 E 29 17.1 27.2 13:30 6.1 7:30 3.8 2.5 0.0 0.4 4.5 15:00 NNW 30 17.8 27.2 14:00 7.7 5:30 3.2 2.7 0.0 0.6 5.8 12:30 NNE 31 17.5 26.7 13:30 7.2 6:30 3.4 2.6 0.0 0.8 8.5 13:00 ENE ------------------------------------------------------------------------------------- 18.0 30.3 10 5.8 28 81.1 71.5 0.0 0.9 11.6 6 SE Max >= 32.0: 0 Max <= 0.0: 0 Min <= 0.0: 0 Min <= -18.0: 0 Max Rain: 0.00 ON 01/05/14 Days of Rain: 0 (> .2 mm) 0 (> 2 mm) 0 (> 20 mm) Heat Base: 18.3 Cool Base: 18.3 Method: Integration