Matshelagabedi Weather History - NOAA Style Reports

2017: Jan | Feb | Mar | Apr | May | Jun | Jul | Aug | Sep | Oct | Nov | Dec 
 2016: Jan | Feb | Mar | Apr | May | Jun | Jul | Aug | Sep | Oct | Nov | Dec 
2015: Jan | Feb | Mar | Apr | May | Jun | Jul | Aug | Sep | Oct | Nov | Dec 
2014: Jan | Feb | Mar | Apr | May | Jun | Jul | Aug | Sep | Oct | Nov | Dec 
2013: Jan | Feb | Mar | Apr | May | Jun | Jul | Aug | Sep | Oct | Nov | Dec 

Report for 2014 04
MONTHLY CLIMATOLOGICAL SUMMARY for APR. 2014 NAME: Matshelagabedi - Knott in Botswana CITY: Francistown STATE: ELEV: 1025 m LAT: 21 08' 00" S LONG: 27 39' 00" E TEMPERATURE (C), RAIN (mm), WIND SPEED (m/s) HEAT COOL AVG MEAN DEG DEG WIND DOM DAY TEMP HIGH TIME LOW TIME DAYS DAYS RAIN SPEED HIGH TIME DIR ------------------------------------------------------------------------------------ 1 22.6 30.5 14:00 15.6 6:30 0.5 4.7 0.0 0.6 4.0 14:30 E 2 23.3 31.2 14:00 16.1 7:00 0.2 5.1 0.0 0.7 4.9 15:00 NNW 3 23.7 32.4 14:30 16.7 6:30 0.2 5.6 0.0 0.3 4.5 14:00 NE 4 23.9 31.4 15:00 15.8 6:00 0.3 5.9 0.0 1.1 8.0 22:30 SE 5 21.3 26.2 14:00 18.6 2:00 0.0 3.0 0.0 2.3 8.0 23:30 SE 6 19.1 23.2 15:00 15.1 00:00 0.4 1.2 0.0 1.9 8.5 13:30 SE 7 17.3 23.5 14:30 12.6 4:30 2.3 1.3 0.0 1.8 10.7 9:00 SE 8 17.2 23.3 16:00 12.1 7:00 2.2 1.1 0.0 2.1 9.4 13:30 SE 9 17.3 22.2 16:00 13.8 5:00 1.6 0.6 0.0 1.8 9.4 15:00 SE 10 17.2 22.1 13:30 13.3 2:30 1.7 0.5 0.4 2.1 9.4 12:00 SE 11 17.0 19.8 13:00 15.5 5:00 1.4 0.1 0.2 2.3 9.4 10:00 SE 12 16.8 20.4 12:30 14.9 00:00 1.6 0.1 3.8 1.6 8.5 9:30 SE 13 17.8 23.4 14:30 14.5 4:30 1.4 1.0 0.0 1.6 7.2 11:30 SE 14 18.6 25.6 15:00 12.8 4:00 1.7 1.9 0.2 0.8 6.7 9:00 ESE 15 19.7 27.1 15:30 12.2 7:00 1.5 2.8 0.0 0.4 4.5 16:00 ESE 16 20.2 27.6 13:30 13.1 6:30 1.1 3.1 0.0 1.6 9.8 22:30 SE 17 16.6 20.6 14:00 13.1 00:00 1.9 0.3 0.0 1.7 7.2 9:30 SE 18 17.9 25.9 14:30 9.5 5:00 2.6 2.1 0.2 0.8 6.3 11:00 SSE 19 19.0 27.6 14:30 10.3 6:00 2.2 2.9 0.0 0.8 7.2 11:30 ESE 20 19.8 28.1 14:00 9.8 6:30 1.8 3.3 0.0 0.9 7.2 11:30 ESE 21 19.9 27.8 15:00 10.7 7:00 1.5 3.1 0.0 0.8 7.6 12:00 SE 22 19.8 29.4 14:30 9.7 5:30 2.0 3.5 0.0 0.4 5.8 14:30 NW 23 22.1 30.4 13:30 13.6 2:30 1.1 4.9 0.2 0.7 6.3 14:00 NNE 24 20.4 26.1 13:00 16.2 7:00 0.3 2.4 0.2 0.5 5.4 7:00 NNW 25 21.6 28.4 14:30 14.9 6:30 0.6 3.9 0.0 0.8 6.7 14:30 SSE 26 21.5 28.2 15:00 17.3 5:00 0.1 3.3 0.0 1.2 5.8 3:00 SE 27 20.6 29.9 14:00 12.1 6:00 1.4 3.7 0.0 0.5 8.0 12:30 ENE 28 17.4 23.3 15:00 12.7 00:00 1.8 0.9 0.0 1.5 8.0 10:30 SE 29 17.2 25.9 15:30 10.7 4:30 3.0 1.8 0.0 0.6 5.8 10:30 SE 30 19.2 28.3 14:00 9.3 7:00 2.4 3.3 0.0 0.6 5.4 14:30 NE ------------------------------------------------------------------------------------- 19.5 32.4 3 9.3 30 40.6 77.5 5.2 1.2 10.7 7 SE Max >= 32.0: 1 Max <= 0.0: 0 Min <= 0.0: 0 Min <= -18.0: 0 Max Rain: 3.81 ON 12/04/14 Days of Rain: 7 (> .2 mm) 1 (> 2 mm) 0 (> 20 mm) Heat Base: 18.3 Cool Base: 18.3 Method: Integration