Matshelagabedi Weather History - NOAA Style Reports

2017: Jan | Feb | Mar | Apr | May | Jun | Jul | Aug | Sep | Oct | Nov | Dec 
 2016: Jan | Feb | Mar | Apr | May | Jun | Jul | Aug | Sep | Oct | Nov | Dec 
2015: Jan | Feb | Mar | Apr | May | Jun | Jul | Aug | Sep | Oct | Nov | Dec 
2014: Jan | Feb | Mar | Apr | May | Jun | Jul | Aug | Sep | Oct | Nov | Dec 
2013: Jan | Feb | Mar | Apr | May | Jun | Jul | Aug | Sep | Oct | Nov | Dec 

Report for 2014 03
MONTHLY CLIMATOLOGICAL SUMMARY for MAR. 2014 NAME: Matshelagabedi - Knott in Botswana CITY: Francistown STATE: ELEV: 1025 m LAT: 21 08' 00" S LONG: 27 39' 00" E TEMPERATURE (C), RAIN (mm), WIND SPEED (m/s) HEAT COOL AVG MEAN DEG DEG WIND DOM DAY TEMP HIGH TIME LOW TIME DAYS DAYS RAIN SPEED HIGH TIME DIR ------------------------------------------------------------------------------------ 1 21.8 27.8 6:30 19.8 9:00 0.0 3.4 12.4 1.0 8.0 7:30 SE 2 20.7 23.6 12:30 18.3 23:30 0.0 2.4 29.8 0.9 8.5 23:00 E 3 19.4 20.5 13:00 18.4 0:30 0.0 1.1 48.6 0.5 4.0 1:00 NNE 4 23.2 29.9 9:00 18.9 18:30 0.0 4.9 4.0 1.1 8.5 18:00 N 5 20.7 27.0 6:30 19.6 16:30 0.0 2.4 33.2 0.6 8.5 7:00 E 6 19.9 21.7 23:00 18.8 12:00 0.0 1.5 15.8 0.4 4.5 0:30 NE 7 20.8 23.7 16:00 19.1 5:00 0.0 2.6 3.0 0.4 4.9 2:30 E 8 20.3 22.7 16:00 18.7 14:00 0.0 1.8 4.8 0.3 4.9 10:30 ESE 9 23.6 30.1 6:30 19.6 3:00 0.0 5.0 0.0 0.8 8.5 23:30 ENE 10 21.6 26.3 0:30 18.3 7:30 0.0 1.0 0.0 3.4 11.2 1:00 SE 11 12 13 18.1 18.9 21:00 17.5 00:00 0.0 0.0 0.0 2.4 7.6 22:00 ESE 14 18.8 23.9 14:30 15.4 7:30 0.8 1.3 0.4 2.1 7.6 8:30 SE 15 20.9 27.0 15:00 17.2 6:30 0.2 2.9 0.2 0.9 5.4 9:30 SE 16 23.2 29.4 14:30 17.5 6:30 0.0 4.9 0.2 0.6 5.8 16:00 SE 17 24.1 30.6 14:00 18.2 6:00 0.0 5.7 0.0 0.5 4.5 15:30 SE 18 23.7 30.6 14:00 17.4 6:00 0.1 5.5 0.0 1.0 6.7 11:00 SE 19 24.2 30.9 13:30 18.0 6:30 0.0 5.9 0.0 0.4 3.6 14:00 E 20 24.8 31.8 14:00 20.6 2:30 0.0 6.5 0.0 0.6 7.2 00:00 WNW 21 22.7 27.5 14:30 20.0 22:30 0.0 4.4 0.0 2.8 9.4 16:00 SE 22 21.0 25.4 16:00 17.6 00:00 0.0 2.7 0.0 1.6 6.7 2:30 SE 23 21.8 28.4 15:00 16.2 6:30 0.5 3.9 0.2 1.0 6.7 9:30 SE 24 22.2 28.9 14:30 16.6 6:00 0.3 4.2 0.0 1.3 7.6 10:30 ESE 25 21.6 27.7 15:00 17.1 4:30 0.2 3.5 0.0 1.5 8.5 9:30 SE 26 21.5 28.1 14:30 15.8 6:30 0.5 3.7 0.2 0.8 6.7 13:30 SE 27 21.9 28.8 13:30 15.7 6:30 0.4 4.1 0.0 1.1 7.2 13:00 SE 28 20.3 26.8 14:00 15.7 5:30 0.6 2.6 0.0 1.7 8.0 9:30 SE 29 19.2 25.9 14:00 14.4 4:30 1.1 1.9 0.0 0.9 6.3 13:00 SE 30 20.3 28.2 16:00 11.4 6:30 1.6 3.6 0.0 0.6 5.8 12:30 SE 31 21.9 29.3 14:00 14.1 4:30 0.7 4.3 0.0 1.0 8.0 13:30 SE ------------------------------------------------------------------------------------- 21.5 31.8 20 11.4 30 7.1 97.7 152.8 1.1 11.2 10 SE Max >= 32.0: 0 Max <= 0.0: 0 Min <= 0.0: 0 Min <= -18.0: 0 Max Rain: 48.59 ON 03/03/14 Days of Rain: 13 (> .2 mm) 8 (> 2 mm) 3 (> 20 mm) Heat Base: 18.3 Cool Base: 18.3 Method: Integration