Matshelagabedi Weather History - NOAA Style Reports

2017: Jan | Feb | Mar | Apr | May | Jun | Jul | Aug | Sep | Oct | Nov | Dec 
 2016: Jan | Feb | Mar | Apr | May | Jun | Jul | Aug | Sep | Oct | Nov | Dec 
2015: Jan | Feb | Mar | Apr | May | Jun | Jul | Aug | Sep | Oct | Nov | Dec 
2014: Jan | Feb | Mar | Apr | May | Jun | Jul | Aug | Sep | Oct | Nov | Dec 
2013: Jan | Feb | Mar | Apr | May | Jun | Jul | Aug | Sep | Oct | Nov | Dec 

Report for 2013 10
MONTHLY CLIMATOLOGICAL SUMMARY for OCT. 2013 NAME: Matshelagabedi - Knott in Botswana CITY: STATE: ELEV: 1025 m LAT: 21 08' 00" S LONG: 27 39' 00" E TEMPERATURE (C), RAIN (mm), WIND SPEED (m/s) HEAT COOL AVG MEAN DEG DEG WIND DOM DAY TEMP HIGH TIME LOW TIME DAYS DAYS RAIN SPEED HIGH TIME DIR ------------------------------------------------------------------------------------ 1 15.3 20.8 15:00 10.4 3:00 3.4 0.4 0.0 3.1 10.7 9:30 ESE 2 18.5 27.2 14:00 6.7 6:00 2.6 2.8 0.0 1.6 9.4 13:00 SE 3 20.9 30.3 15:00 10.5 5:00 1.8 4.4 0.0 1.6 9.8 14:30 SE 4 22.2 30.6 15:00 11.4 6:30 1.1 4.9 0.0 1.6 7.6 8:30 E 5 23.9 32.2 14:30 15.0 6:30 0.4 5.9 0.0 1.7 8.0 14:30 E 6 26.4 35.1 13:30 17.1 6:00 0.1 8.1 0.0 1.7 9.8 14:00 SE 7 24.7 31.1 13:30 20.1 3:30 0.0 6.3 0.0 3.4 12.1 9:00 ESE 8 23.6 32.2 15:00 16.2 6:00 0.2 5.5 0.0 3.0 12.1 1:30 SE 9 24.7 34.4 14:30 15.5 6:00 0.5 6.8 0.0 1.7 8.0 16:00 SE 10 27.2 35.6 15:30 17.3 6:00 0.0 8.9 0.0 1.8 8.5 11:30 SE 11 27.3 35.8 15:30 18.3 6:30 0.0 8.9 0.0 1.8 8.5 14:30 SE 12 29.4 38.6 14:30 19.4 5:30 0.0 11.1 0.0 1.4 10.3 17:00 NNE 13 29.6 39.6 15:00 20.8 5:00 0.0 11.2 0.0 2.1 10.7 00:00 NNW 14 18.9 23.0 12:30 15.2 23:00 0.6 1.2 0.0 4.5 11.2 12:00 SE 15 19.4 26.8 15:00 15.1 6:00 1.1 2.2 0.0 3.4 9.4 1:00 ESE 16 24.4 33.4 15:30 14.7 5:30 0.7 6.7 0.0 1.8 8.0 15:30 SE 17 27.0 35.6 14:30 16.5 6:00 0.1 8.8 0.0 1.8 10.7 10:30 ESE 18 28.3 37.4 14:30 18.5 5:30 0.0 10.0 0.0 1.8 7.6 21:00 ESE 19 25.9 34.6 14:00 18.3 23:30 0.0 7.6 0.0 3.7 12.5 20:00 SE 20 22.2 28.6 14:30 17.3 5:00 0.1 4.0 0.0 3.6 10.3 8:30 SE 21 24.6 34.8 13:00 16.9 4:30 0.2 6.4 0.0 1.9 8.5 13:00 E 22 23.6 29.9 14:30 16.6 00:00 0.1 5.3 0.0 2.2 9.8 22:30 SSW 23 18.0 24.6 14:30 13.6 5:00 1.6 1.3 0.2 3.8 11.2 16:30 SE 24 19.2 25.4 15:30 14.9 5:30 1.1 1.9 0.4 3.3 9.8 12:30 ESE 25 23.1 32.1 15:00 14.4 5:30 0.8 5.6 0.0 1.3 8.0 22:30 ENE 26 23.7 33.7 12:30 16.9 5:30 0.1 5.3 5.0 1.2 9.4 10:30 ENE 27 28 29 30 31 ------------------------------------------------------------------------------------- 23.5 39.6 13 6.7 2 16.5 151.7 5.6 2.3 12.5 19 SE Max >= 32.0: 15 Max <= 0.0: 0 Min <= 0.0: 0 Min <= -18.0: 0 Max Rain: 5.00 ON 26/10/13 Days of Rain: 3 (> .2 mm) 1 (> 2 mm) 0 (> 20 mm) Heat Base: 18.3 Cool Base: 18.3 Method: Integration