Matshelagabedi Weather History - NOAA Style Reports

2017: Jan | Feb | Mar | Apr | May | Jun | Jul | Aug | Sep | Oct | Nov | Dec 
 2016: Jan | Feb | Mar | Apr | May | Jun | Jul | Aug | Sep | Oct | Nov | Dec 
2015: Jan | Feb | Mar | Apr | May | Jun | Jul | Aug | Sep | Oct | Nov | Dec 
2014: Jan | Feb | Mar | Apr | May | Jun | Jul | Aug | Sep | Oct | Nov | Dec 
2013: Jan | Feb | Mar | Apr | May | Jun | Jul | Aug | Sep | Oct | Nov | Dec 

Report for 2013 09
MONTHLY CLIMATOLOGICAL SUMMARY for SEP. 2013 NAME: Matshelagabedi - Knott in Botswana CITY: STATE: ELEV: 1025 m LAT: 21 08' 00" S LONG: 27 39' 00" E TEMPERATURE (C), RAIN (mm), WIND SPEED (m/s) HEAT COOL AVG MEAN DEG DEG WIND DOM DAY TEMP HIGH TIME LOW TIME DAYS DAYS RAIN SPEED HIGH TIME DIR ------------------------------------------------------------------------------------ 1 16.1 26.4 16:00 5.2 7:00 4.2 1.9 0.0 0.9 5.4 17:00 ESE 2 19.3 27.9 15:30 8.5 3:30 2.2 3.2 0.0 2.6 10.7 9:30 SE 3 20.4 29.1 16:00 12.6 4:30 1.4 3.5 0.0 1.5 5.4 8:30 SE 4 23.3 31.8 15:00 13.4 6:30 0.7 5.7 0.0 1.8 7.6 11:00 E 5 21.2 29.3 15:00 12.6 6:30 0.9 3.8 0.0 2.5 8.9 14:00 SE 6 20.8 28.9 14:30 13.4 6:30 1.2 3.7 0.0 2.0 8.0 15:30 SE 7 20.6 28.2 15:30 12.3 6:00 1.2 3.4 0.0 1.9 10.7 12:30 ESE 8 20.8 30.1 15:30 8.8 6:30 1.7 4.2 0.0 0.8 5.8 14:00 ESE 9 23.5 33.4 15:00 13.2 3:00 1.2 6.3 0.0 1.2 7.6 16:30 NNE 10 23.5 32.9 14:30 12.2 6:30 0.7 5.8 0.0 1.8 7.6 13:30 SE 11 24.4 34.4 15:00 13.8 7:00 0.7 6.8 0.0 1.1 4.9 13:00 SE 12 23.7 31.5 15:00 16.8 5:00 0.1 5.4 0.0 2.5 8.5 8:00 ESE 13 26.3 35.9 15:00 16.6 6:30 0.2 8.2 0.0 1.3 7.6 10:30 E 14 27.9 35.3 14:00 21.6 6:30 0.0 9.6 0.0 1.8 8.9 9:30 NNW 15 28.1 37.2 15:00 18.9 6:00 0.0 9.8 0.0 0.6 4.9 16:00 E 16 27.6 36.9 14:30 17.3 6:30 0.1 9.3 0.0 1.6 7.6 23:00 SE 17 25.6 32.6 14:30 19.3 7:00 0.0 7.3 0.0 2.5 9.8 15:00 SE 18 25.9 35.1 15:00 14.8 6:00 0.3 7.8 0.0 1.3 7.2 16:00 SE 19 27.3 35.6 15:30 18.0 5:00 0.0 8.9 0.0 1.5 8.0 9:00 N 20 28.3 37.3 13:30 18.3 5:00 0.0 9.9 0.0 1.8 11.2 8:30 NNE 21 25.7 34.9 15:00 18.1 6:00 0.0 7.4 0.0 2.3 11.6 23:30 SSW 22 16.8 19.6 13:30 13.3 00:00 1.7 0.1 0.0 4.8 13.0 8:30 SE 23 19.9 28.5 14:30 13.2 1:30 1.6 3.2 0.0 3.1 9.8 10:30 ESE 24 23.0 32.7 14:30 13.1 6:30 1.1 5.8 0.0 1.3 5.8 13:00 SE 25 27.1 36.0 13:30 15.3 6:30 0.2 8.9 0.0 1.2 7.2 13:30 SE 26 28.8 38.3 15:30 18.3 4:00 0.0 10.5 0.0 1.3 10.3 17:00 SE 27 30.1 38.7 14:30 20.9 4:30 0.0 11.8 0.0 2.6 11.6 10:30 NW 28 26.2 34.3 12:00 20.7 5:30 0.0 5.3 0.0 1.4 8.0 21:00 S 29 19.6 25.9 0:30 13.8 00:00 0.8 2.0 0.8 3.7 11.2 10:00 ESE 30 13.1 14.6 15:00 11.9 00:00 2.5 0.0 0.0 4.8 13.0 13:30 ESE ------------------------------------------------------------------------------------- 23.5 38.7 27 5.2 1 24.4 179.7 0.8 2.0 13.0 22 SE Max >= 32.0: 17 Max <= 0.0: 0 Min <= 0.0: 0 Min <= -18.0: 0 Max Rain: 0.79 ON 29/09/13 Days of Rain: 1 (> .2 mm) 0 (> 2 mm) 0 (> 20 mm) Heat Base: 18.3 Cool Base: 18.3 Method: Integration